{"id":410,"date":"2020-11-02T14:40:35","date_gmt":"2020-11-02T14:40:35","guid":{"rendered":"https:\/\/www.gourmetproductsexport.com\/?page_id=410"},"modified":"2020-11-03T17:58:10","modified_gmt":"2020-11-03T17:58:10","slug":"vinos","status":"publish","type":"page","link":"https:\/\/www.gourmetproductsexport.com\/index.php\/vinos\/","title":{"rendered":"VINOS"},"content":{"rendered":"<h2>SOMMOS Reserva (Denominaci\u00f3n de Origen Somontano) <\/h2>\n<p>\t\t\t\t\t\t\t\t\t\t<img width=\"101\" height=\"300\" src=\"https:\/\/www.gourmetproductsexport.com\/wp-content\/uploads\/2020\/11\/somosrese-101x300.jpg\" alt=\"\" loading=\"lazy\" srcset=\"https:\/\/www.gourmetproductsexport.com\/wp-content\/uploads\/2020\/11\/somosrese-101x300.jpg 101w, https:\/\/www.gourmetproductsexport.com\/wp-content\/uploads\/2020\/11\/somosrese.jpg 213w\" sizes=\"(max-width: 101px) 100vw, 101px\" \/>\t\t\t\t\t\t\t\t\t\t\t<\/p>\n<p><img loading=\"lazy\" src=\"https:\/\/www.gourmetproductsexport.com\/wp-content\/uploads\/2020\/10\/sellos-somos-300x102.jpg\" alt=\"\" width=\"300\" height=\"102\" \/>\u00a0 \u00a0<img loading=\"lazy\" src=\"https:\/\/www.gourmetproductsexport.com\/wp-content\/uploads\/2020\/11\/somontano-300x129.jpg\" alt=\"\" width=\"130\" height=\"56\" \/><\/p>\n<p>Vi\u00f1edo ubicado en la Finca de Montesa, conducido en Cord\u00f3n Libero de 1,30 m de altura. Cultivado en secano sobre suelos franco-arenosos de bajo contenido en materia org\u00e1nica.Vendimia mecanizada nocturna entre la segunda y tercera semana de septiembre. Las parcelas se vendimian y vinifican por separado. Toda la uva pasa por mesa de selecci\u00f3n y el encubado se realiza por gravedad.Fermentaci\u00f3n realizada a temperatura entre 26\u00ba y 28\u00ba, seguido de una maceraci\u00f3n entorno a 15 d\u00edas. Fermentaci\u00f3n desarrollada en dep\u00f3sitos de cemento.La crianza del vino SOMMOS Reserva se realiza en barricas de roble fr\u00e1nces de 1 y 2 a\u00f1os durante un periodo de 12 meses .Este vino adem\u00e1s es poseedor de\u00a0 diferentes sellos que garantizan su excelente\u00a0 calidad\u00a0<\/p>\n<p><img loading=\"lazy\" src=\"https:\/\/www.gourmetproductsexport.com\/wp-content\/uploads\/2020\/11\/124no.jpg\" alt=\"\" width=\"134\" height=\"40\" \/>(12 botellas)<\/p>\n<p style=\"text-align: right;\">(11 botellas + 1 gratis)<img loading=\"lazy\" src=\"https:\/\/www.gourmetproductsexport.com\/wp-content\/uploads\/2020\/11\/114.jpg\" alt=\"\" width=\"237\" height=\"92\" \/><\/p>\n<p style=\"text-align: right;\">\u00a0<\/p>\n<h2>Castel de Fornos Albari\u00f1o (Denominaci\u00f3n de Origen R\u00edas Baixas)<\/h2>\n<p>L\u00edmpido y brillante, de color pajizo con destellos verdosos. De alta intensidad, todo un torrente de complejos aromas, aparece primero la flor (gardenias, rosas, azahar), luego la fruta (albaricoque, c\u00e1scara de naranja, amielados) y fondo herbal (laurel, anisados, menta). La boca est\u00e1 a la altura de este maravilloso jard\u00edn atl\u00e1ntico.\u00a0<\/p>\n<p><img loading=\"lazy\" src=\"https:\/\/www.gourmetproductsexport.com\/wp-content\/uploads\/2020\/11\/144.jpg\" alt=\"\" width=\"140\" height=\"47\" \/>(12 botellas )<\/p>\n<p style=\"text-align: right;\"><img loading=\"lazy\" src=\"https:\/\/www.gourmetproductsexport.com\/wp-content\/uploads\/2020\/11\/132.jpg\" alt=\"\" width=\"229\" height=\"77\" \/><\/p>\n<p>\u00a0<\/p>\n<p style=\"text-align: right;\">(11 botellas +1gratis)<\/p>\n<p>\t\t\t\t\t\t\t\t\t\t<img width=\"101\" height=\"300\" src=\"https:\/\/www.gourmetproductsexport.com\/wp-content\/uploads\/2020\/11\/castel-101x300.jpg\" alt=\"\" loading=\"lazy\" srcset=\"https:\/\/www.gourmetproductsexport.com\/wp-content\/uploads\/2020\/11\/castel-101x300.jpg 101w, https:\/\/www.gourmetproductsexport.com\/wp-content\/uploads\/2020\/11\/castel.jpg 213w\" sizes=\"(max-width: 101px) 100vw, 101px\" \/>\t\t\t\t\t\t\t\t\t\t\t<\/p>\n<p><img loading=\"lazy\" src=\"https:\/\/www.gourmetproductsexport.com\/wp-content\/uploads\/2020\/11\/medalla-castel..jpg\" alt=\"\" width=\"101\" height=\"96\" \/><img loading=\"lazy\" src=\"https:\/\/www.gourmetproductsexport.com\/wp-content\/uploads\/2020\/11\/riasb.png\" alt=\"\" width=\"197\" height=\"92\" \/><\/p>\n","protected":false},"excerpt":{"rendered":"<p>SOMMOS Reserva (Denominaci\u00f3n de Origen Somontano) \u00a0 \u00a0 Vi\u00f1edo ubicado en la Finca de Montesa, conducido en Cord\u00f3n Libero de 1,30 m de altura. Cultivado en secano sobre suelos franco-arenosos de bajo contenido en materia org\u00e1nica.Vendimia mecanizada nocturna entre la segunda y tercera semana de<\/p>\n","protected":false},"author":1,"featured_media":0,"parent":0,"menu_order":0,"comment_status":"closed","ping_status":"closed","template":"","meta":[],"_links":{"self":[{"href":"https:\/\/www.gourmetproductsexport.com\/index.php\/wp-json\/wp\/v2\/pages\/410"}],"collection":[{"href":"https:\/\/www.gourmetproductsexport.com\/index.php\/wp-json\/wp\/v2\/pages"}],"about":[{"href":"https:\/\/www.gourmetproductsexport.com\/index.php\/wp-json\/wp\/v2\/types\/page"}],"author":[{"embeddable":true,"href":"https:\/\/www.gourmetproductsexport.com\/index.php\/wp-json\/wp\/v2\/users\/1"}],"replies":[{"embeddable":true,"href":"https:\/\/www.gourmetproductsexport.com\/index.php\/wp-json\/wp\/v2\/comments?post=410"}],"version-history":[{"count":6,"href":"https:\/\/www.gourmetproductsexport.com\/index.php\/wp-json\/wp\/v2\/pages\/410\/revisions"}],"predecessor-version":[{"id":496,"href":"https:\/\/www.gourmetproductsexport.com\/index.php\/wp-json\/wp\/v2\/pages\/410\/revisions\/496"}],"wp:attachment":[{"href":"https:\/\/www.gourmetproductsexport.com\/index.php\/wp-json\/wp\/v2\/media?parent=410"}],"curies":[{"name":"wp","href":"https:\/\/api.w.org\/{rel}","templated":true}]}}