{"id":1369,"date":"2021-02-18T14:29:54","date_gmt":"2021-02-18T14:29:54","guid":{"rendered":"https:\/\/www.gourmetproductsexport.com\/?page_id=1369"},"modified":"2021-02-19T16:10:41","modified_gmt":"2021-02-19T16:10:41","slug":"aviso-legal","status":"publish","type":"page","link":"https:\/\/www.gourmetproductsexport.com\/index.php\/aviso-legal\/","title":{"rendered":"Aviso legal"},"content":{"rendered":"<p>[vc_row css_animation=\u00bb\u00bb row_type=\u00bbrow\u00bb use_row_as_full_screen_section=\u00bbno\u00bb type=\u00bbfull_width\u00bb angled_section=\u00bbno\u00bb text_align=\u00bbleft\u00bb background_image_as_pattern=\u00bbwithout_pattern\u00bb][vc_column][vc_empty_space][\/vc_column][\/vc_row][vc_row css_animation=\u00bb\u00bb row_type=\u00bbrow\u00bb use_row_as_full_screen_section=\u00bbno\u00bb type=\u00bbfull_width\u00bb angled_section=\u00bbno\u00bb text_align=\u00bbleft\u00bb background_image_as_pattern=\u00bbwithout_pattern\u00bb][vc_column]<div id=\"mpc_textblock-2169e748eee3578\" class=\"mpc-textblock mpc-init \"><p><strong>Informaci\u00f3n general<\/strong><\/p>\n<p>La direcci\u00f3n URL [https:\/\/www.gourmetproductsexport.com] (en adelante el sitio Web) es un dominio registrado por XXXX. (en adelante la empresa) con domicilio social en Avda. Zamora\u00a0 N \u00ba 9 &#8211; 1B y CIF:45165565-M<\/p>\n<p>Esta p\u00e1gina tiene car\u00e1cter informativo y de exclusivo uso personal, teniendo por objeto facilitar el conocimiento al p\u00fablico en general, de los productos y servicios ofrecidos. El acceso al sitio Web es, en principio, gratuito, sin perjuicio de que la contrataci\u00f3n de productos o servicios a trav\u00e9s del sitio Web est\u00e9 sujeta a una contraprestaci\u00f3n econ\u00f3mica.<\/p>\n<p>El usuario se compromete a no utilizar el sitio Web ni la informaci\u00f3n ofrecida en el mismo para la realizaci\u00f3n de actividades contrarias a la Ley, la moral o el orden p\u00fablico, y a respetar las condiciones de uso establecidas por la empresa.<\/p>\n<p><strong>Propiedad intelectual e industrial<\/strong><\/p>\n<p>La empresa es titular de los derechos de Propiedad Intelectual sobre el contenido de este sitio Web, incluyendo, a modo enunciativo y sin car\u00e1cter limitativo, dise\u00f1o gr\u00e1fico, c\u00f3digos, fuentes, textos, im\u00e1genes, videos, marcas, logos o signos distintivos, o dispone de los permisos necesarios para su utilizaci\u00f3n.<\/p>\n<p>Se proh\u00edbe la modificaci\u00f3n, copia, reproducci\u00f3n, descarga, transmisi\u00f3n, distribuci\u00f3n o transformaci\u00f3n de los contenidos del sitio Web, si no se tiene la autorizaci\u00f3n del titular de los correspondientes derechos o se encuentra legalmente permitido.<\/p>\n<p>La lesi\u00f3n por parte de terceros de los derechos de Propiedad Intelectual o cualquier otro derecho sobre el contenido de este sitio Web, titularidad de la empresa, dar\u00e1 lugar a las responsabilidades legalmente establecidas.<\/p>\n<p><strong>Contenido Web y enlaces<\/strong><\/p>\n<p>La informaci\u00f3n contenida en este sitio Web puede no ser correcta; por ello la empresa, no se responsabiliza de cualquier da\u00f1o o perjuicio directo o indirecto que pueda ocasionar la exactitud, integridad o veracidad de dicha informaci\u00f3n, as\u00ed como tampoco del uso por terceros del contenido de este sitio Web, ni de los posibles errores en el acceso a la misma. Al mismo tiempo la empresa se reserva el derecho a suspender temporalmente la accesibilidad al sitio Web cuando sea necesario, sin necesidad de previo aviso.<\/p>\n<p>Este sitio Web contiene enlaces (links) a p\u00e1ginas externas, no siendo la empresa responsable de los contenidos de dichas p\u00e1ginas (siendo responsabilidad del usuario, regirse por los t\u00e9rminos y condiciones de utilizaci\u00f3n de las p\u00e1ginas consultadas) ni del mal uso ni las actividades contrarias a la ley la moral o el orden p\u00fablico que realicen los usuarios en dichas p\u00e1ginas.<\/p>\n<p>Al mismo tiempo el establecimiento de cualquier hiperenlace desde una p\u00e1gina Web deber\u00e1 efectuarse a la p\u00e1gina principal del sitio Web, quedando prohibida la reproducci\u00f3n ni total ni parcial de ninguna de los servicios contenidos en el sitio Web de la empresa.<\/p>\n<p><strong>Modificaci\u00f3n de los t\u00e9rminos y condiciones de uso <\/strong><\/p>\n<p>Las presentes condiciones generales y las particulares que eventualmente puedan establecerse, y con la redacci\u00f3n que presenten en cada momento, tienen una duraci\u00f3n indefinida, y permanecer\u00e1n en vigor mientras el portal contin\u00fae activo. La empresa se reserva en todo caso el derecho unilateral de modificar las condiciones de acceso a las mismas, as\u00ed como su contenido.<\/p>\n<p><strong>Legislaci\u00f3n y jurisdicci\u00f3n aplicables<\/strong><\/p>\n<p>Las presentes condiciones de uso se rigen por la Ley espa\u00f1ola, acordando las partes someterse a la jurisdicci\u00f3n de los Juzgados y Tribunales de Pontevedra, En caso de disputa o controversia relacionada con la aplicaci\u00f3n o interpretaci\u00f3n de las mismas\u201d<\/p>\n<p><strong>POL\u00cdTICA DE PRIVACIDAD<\/strong><\/p>\n<p>En cumplimiento de la normativa vigente en materia de protecci\u00f3n de datos, Reglamento (UE) 2016\/679 del Parlamento Europeo y del Consejo de 27 de abril de 2016 (RGPD-GDPR) y de la Ley Org\u00e1nica 3\/2018 de 5 de diciembre, de Protecci\u00f3n de Datos y Garant\u00eda de Derechos Digitales (LOPDGDD), le ofrecemos la siguiente informaci\u00f3n adicional sobre el tratamiento de datos personales que realizamos.<\/p>\n<p><strong>Finalidad, destinatarios y ejercicio de derechos<\/strong><\/p>\n<p>Los datos personales facilitados a trav\u00e9s de este sitio Web, ser\u00e1n recogidos en ficheros titularidad de la empresa con la finalidad de gestionar, administrar y prestarle los servicios o facilitarle los contenidos que nos solicite, as\u00ed como poder ofrecerle nuevos servicios y contenidos y enviarle informaci\u00f3n comercial relacionada con las novedades y promociones de la empresa. Los datos obligatorios de cada formulario ser\u00e1n identificados como tal, provocando la falta de suministro de dicha informaci\u00f3n o el suministro de datos incorrectos, que la empresa pueda prestarle los servicios o contenidos que solicite.<\/p>\n<p>El usuario consiente el tratamiento de sus datos con las finalidades descritas. As\u00ed mismo le informamos de que podr\u00e1 ejercer sus derechos de acceso, rectificaci\u00f3n, cancelaci\u00f3n y oposici\u00f3n, mediante correo electr\u00f3nico a la direcci\u00f3n gourmetproductsexport@hotmail.com, identific\u00e1ndose como usuario del sitio Web y concretando su solicitud o bien mediante correo ordinario a la direcci\u00f3n anteriormente indicada (domicilio social), aportando fotocopia del D.N.I. o documento equivalente.<\/p>\n<p><strong>Responsabilidades y compromisos del usuario<\/strong><\/p>\n<p>El usuario garantiza que es mayor de 18 a\u00f1os y que la informaci\u00f3n facilitada es exacta y veraz, comprometi\u00e9ndose a informar a la empresa de cualquier modificaci\u00f3n de la informaci\u00f3n que le haya sido solicitada, mediante correo electr\u00f3nico a la direcci\u00f3n [gourmetproductsexport@hotmail.com], identific\u00e1ndose como usuario del sitio Web y concretando aquellos datos que hayan sido modificados.<\/p>\n<p>El usuario deber\u00e1 mantener en secreto las claves y c\u00f3digos de identificaci\u00f3n e informar a la empresa en caso de p\u00e9rdida, sustracci\u00f3n o acceso no autorizado, a la mayor brevedad posible, no responsabiliz\u00e1ndose la empresa del uso indebido por terceros no autorizados.<\/p>\n<p>En el supuesto de que, en la ejecuci\u00f3n de los servicios, sean facilitados a la empresa datos de car\u00e1cter personal de terceros, el usuario garantiza que est\u00e1 facultado leg\u00edtimamente para facilitar dichos datos y que ha procedido a informar al interesado de la cesi\u00f3n de sus datos y a solicitar su consentimiento, responsabiliz\u00e1ndose del incumplimiento de estas obligaciones.<\/p>\n<\/div>[vc_empty_space height=\u00bb90px\u00bb][\/vc_column][\/vc_row]<\/p>\n","protected":false},"excerpt":{"rendered":"<p>[vc_row css_animation=\u00bb\u00bb row_type=\u00bbrow\u00bb use_row_as_full_screen_section=\u00bbno\u00bb type=\u00bbfull_width\u00bb angled_section=\u00bbno\u00bb text_align=\u00bbleft\u00bb background_image_as_pattern=\u00bbwithout_pattern\u00bb][vc_column][vc_empty_space][\/vc_column][\/vc_row][vc_row css_animation=\u00bb\u00bb row_type=\u00bbrow\u00bb use_row_as_full_screen_section=\u00bbno\u00bb type=\u00bbfull_width\u00bb angled_section=\u00bbno\u00bb text_align=\u00bbleft\u00bb background_image_as_pattern=\u00bbwithout_pattern\u00bb][vc_column][vc_empty_space height=\u00bb90px\u00bb][\/vc_column][\/vc_row]<\/p>\n","protected":false},"author":3,"featured_media":0,"parent":0,"menu_order":0,"comment_status":"closed","ping_status":"closed","template":"","meta":[],"_links":{"self":[{"href":"https:\/\/www.gourmetproductsexport.com\/index.php\/wp-json\/wp\/v2\/pages\/1369"}],"collection":[{"href":"https:\/\/www.gourmetproductsexport.com\/index.php\/wp-json\/wp\/v2\/pages"}],"about":[{"href":"https:\/\/www.gourmetproductsexport.com\/index.php\/wp-json\/wp\/v2\/types\/page"}],"author":[{"embeddable":true,"href":"https:\/\/www.gourmetproductsexport.com\/index.php\/wp-json\/wp\/v2\/users\/3"}],"replies":[{"embeddable":true,"href":"https:\/\/www.gourmetproductsexport.com\/index.php\/wp-json\/wp\/v2\/comments?post=1369"}],"version-history":[{"count":6,"href":"https:\/\/www.gourmetproductsexport.com\/index.php\/wp-json\/wp\/v2\/pages\/1369\/revisions"}],"predecessor-version":[{"id":1440,"href":"https:\/\/www.gourmetproductsexport.com\/index.php\/wp-json\/wp\/v2\/pages\/1369\/revisions\/1440"}],"wp:attachment":[{"href":"https:\/\/www.gourmetproductsexport.com\/index.php\/wp-json\/wp\/v2\/media?parent=1369"}],"curies":[{"name":"wp","href":"https:\/\/api.w.org\/{rel}","templated":true}]}}